(1). Calculate the highest common divisor of 472 and b.
8
Let d(r) = r + 28. Let l be d(17). Suppose 3*o = -10 + 4, -4*o = -4*q + 80. What is the highest common divisor of l and q?
9
Let n be (-1054)/(-14) + (-2)/7. Suppose -4*t = -88 + 28. Calculate the greatest common divisor of t and n.
15
Let n = 830 - 727. Calculate the greatest common factor of 1339 and n.
103
Suppose 0 = p - 5*k + 4*k - 25, -4*p = 5*k - 100. What is the highest common divisor of p and 1?
1
Let m be (-202)/22 + 42/231. Let i be (-1 - m)*(-6)/(-4). Calculate the greatest common factor of i and 84.
12
Let m be (-2)/(-7) - 30/7 - -10. Suppose 40*f = 41*f - m. What is the greatest common divisor of 48 and f?
6
Suppose 0 = -2*s - 3*i + 25, -4*s + 3*i = 3 - 98. Suppose 47 + 8 = -5*t. Let l = t + s. Calculate the highest common factor of 99 and l.
9
Let u = -183 + 187. What is the highest common divisor of u and 20?
4
Let a be (8 - 6)/(-3 + -1 - -5). Calculate the highest common divisor of 16 and a.
2
Let l be (-130)/(-12) + (-2)/(-12). Let c(k) = 8*k - 41. Let m be c(12). What is the highest common factor of m and l?
11
Suppose -3*u = -23 - 25. Let o(p) = 17*p**2 + p. Let z be o(-1). Calculate the greatest common divisor of u and z.
16
Let v be (-2)/2 + -12 + 2. Let y(x) = -3*x + 46. Let w be y(8). Let s = v + w. Calculate the greatest common factor of 77 and s.
11
Suppose -15*x = -20*x + 100. Calculate the greatest common divisor of x and 170.
10
Suppose -h - 1 + 4 = 0. Let r be ((-36)/(-24))/(6/140). Let g be (-6)/(-21) + 620/r. What is the greatest common divisor of h and g?
3
Suppose 2*g - 4*q - 16 = 0, -3*q - 2 = 5*g - 81. Suppose 2*v = 4*z - 120, -3*z = -7*z - 2*v + 104. Calculate the greatest common divisor of z and g.
14
Let z = 595 + -348. What is the greatest common factor of 19 and z?
19
Suppose 3*y + 4*y - 616 = 0. Suppose -2*h + 68 + y = 0. Calculate the greatest common divisor of 52 and h.
26
Suppose 70 = 5*h - 30. Let c be 2/(1 - 0) + -2. Suppose -3*n = 5*p - 2*n - 41, -5*n - h = c. What is the highest common divisor of 27 and p?
9
Let u(l) = -9*l + 56. Let v be u(0). What is the highest common divisor of 280 and v?
56
Suppose 0 = -5*l + 4*b + 1100, 3*b + 0*b = 0. What is the highest common divisor of l and 55?
55
Let t = 1355 + -633. Let w be t/6 - (2 - (-10)/(-6)). Calculate the highest common divisor of 24 and w.
24
Let c(s) = s**3 + 35*s**2 - 39*s + 108. Let f be c(-36). What is the greatest common divisor of f and 288?
72
Suppose -4*m + 16 + 0 = 0. Let o be m/(-6)*1245/(-10). Suppose 4*b + 0*h = h + 111, -h - o = -3*b. What is the highest common divisor of 7 and b?
7
Let v(k) = -2*k + 25. Let w be v(16). Let a(c) = 10*c**2 + 2*c - 25. Let x be a(w). Calculate the greatest common divisor of x and 41.
41
Suppose 0 = 11*c + 683 + 593. Let g = c + 180. What is the greatest common divisor of 16 and g?
16
Let x = 14 - 12. Let z be (-70)/x + (7 - 7). Let f be 11/33 - z/3. Calculate the greatest common divisor of f and 12.
12
Let a be (-9)/(90/104)*-15. What is the highest common divisor of 96 and a?
12
Suppose -42*a + 1515 = -417. Calculate the highest common divisor of 18 and a.
2
Suppose -2 + 98 = 4*j. Calculate the highest common factor of j and 8.
8
Suppose -39*n - 2 = -626. Suppose 3*u = -4*h + 52, -3*h = 3*u - 4*u + 39. What is the greatest common factor of u and n?
8
Let i(o) = -4*o + 11 + 3 - 11*o + 17*o. Let a be i(-6). Suppose -2*j = -0*f + 5*f - 77, 4*f = a*j + 58. Calculate the highest common factor of f and 45.
15
Let h = 30 + -14. Suppose -2*q + 3*r = -2, 2*q + 2*r - 5 = 7. Calculate the greatest common factor of h and q.
4
Suppose 61*x = 399 + 1797. What is the greatest common factor of x and 612?
36
Suppose -4*m - 20 = 6*m. Let u be ((-13)/m - -2)*2. What is the highest common factor of 34 and u?
17
Let b(v) = 60*v**2. Let j be b(-1). Let s(r) = -20*r + 112. Let g be s(5). Calculate the highest common factor of g and j.
12
Suppose 2*b - 36 = -5*l, -4*l = -8 - 8. Let m be (1*4)/(b/8). Suppose -z + 61 = 17. Calculate the highest common factor of z and m.
4
Let o = -349 - -594. Calculate the greatest common divisor of o and 35.
35
Suppose 3*l + 224 = 4*v, -19*v + 18*v - 4*l = -37. What is the highest common divisor of v and 53?
53
Let j = -15 - -16. Let a be 27 + j + -2 + 0 + -3. What is the highest common divisor of 161 and a?
23
Let j(p) = 208*p**2 - 2*p + 3. Let o = 54 - 53. Let c be j(o). What is the highest common divisor of 19 and c?
19
Let a = -1 + 20. Let t(w) = -6*w - 31. Let m be t(-6). Suppose m*p - 1574 = -529. What is the highest common factor of a and p?
19
Let j(g) = 21*g - 488. Let d be j(24). Calculate the greatest common divisor of 272 and d.
16
Let s(t) = t**2 - 23*t + 127. Let d be s(15). What is the highest common divisor of d and 119?
7
Suppose -2*k = -t + 25 - 409, -3*t + 938 = 5*k. What is the greatest common divisor of k and 5?
5
Suppose z - 3*f = 28 - 6, -5*f - 40 = -2*z. Let x = -82 - -172. What is the highest common factor of x and z?
10
Let a(v) = 42*v - 42. Let l be a(10). Calculate the greatest common factor of l and 108.
54
Let t = 2 - -8. Let y be -5 - 1/(1 + -2). Let j = y + 6. Calculate the highest common factor of t and j.
2
Let h = 1500 + -1438. What is the highest common divisor of h and 14?
2
Suppose -3*v + 7*v = -x + 388, -4*x = -3*v + 291. Suppose -2*t + v = -b - 2*b, 0 = t + 3*b - 71. Calculate the highest common factor of 8 and t.
8
Suppose 3*i = -i + 52. Let o(q) = 2*q**2 - 8*q + 11. Let v be o(4). Suppose 0 = r - 106 - v. Calculate the greatest common factor of r and i.
13
Suppose 0 = 12*s - 1138 - 878. What is the highest common divisor of 48 and s?
24
Let q(y) = -y**3 - 20*y**2 - 38*y - 6. Let w be q(-18). Suppose 3*t - 2*g - 68 = t, -130 = -5*t - 5*g. What is the highest common divisor of t and w?
30
Suppose -1194 = 32*v - 34*v - 5*r, 0 = -v - 3*r + 596. What is the greatest common factor of 56 and v?
14
Let o be 4/(-14) - 174/(-21). Let y be 82/o + (-3)/12. What is the highest common factor of 15 and y?
5
Let c(y) = y**2 - 6*y + 7. Let w be c(13). Suppose 2*l - w = 4*z, -2*z + 8 = l - 57. What is the greatest common divisor of 19 and l?
19
Let g(u) = 10*u**2 - 19*u - 38. Let c be g(-2). What is the greatest common factor of c and 32?
8
Let i be 0/(3 - 1) - -102. Suppose -5*a - 2*v = -36, 4*a - 18 = -79*v + 81*v. What is the greatest common factor of a and i?
6
Let g = 519 - 465. What is the highest common divisor of g and 216?
54
Let p(f) = -3*f - 6. Suppose 0 = 2*r + 18 - 4. Let x be p(r). Suppose -u - 3*g + 420 = 2*u, 2*u - 5*g - 245 = 0. What is the greatest common divisor of u and x?
15
Let h(m) = -2*m**2 - 39*m - 18. Let u be h(-15). Let a(w) = -w**3 - 17*w**2 - 17*w - 7. Let f be a(-16). What is the highest common divisor of u and f?
9
Let b be (-130)/(-15)*(5 - 2) - 2. Let z = 3 - 11. Let a(w) = -17*w - 16. Let x be a(z). Calculate the highest common factor of b and x.
24
Suppose -x + 0 = -13. Calculate the greatest common factor of 377 and x.
13
Let a(m) = 122*m - 66. Let l be a(3). Calculate the highest common factor of l and 160.
20
Suppose 0 = 4*r + 2*j + 92, 55 - 157 = 4*r - 3*j. Let s = 42 + r. What is the greatest common divisor of 9 and s?
9
Let b(q) = -q + 24. Let a be b(0). Let c = 28 - a. What is the highest common divisor of 6 and c?
2
Suppose -2*g = g - 3. Let b be ((-18)/(-27))/(g/18). Calculate the greatest common divisor of b and 60.
12
Suppose 10*h - 102 = 4*h. Let t(c) = 8*c + 74. Let f be t(h). Calculate the greatest common divisor of f and 30.
30
Let q be 1*-2 + -6 + 2 + 11. What is the highest common divisor of q and 65?
5
Let f be (-1080)/(-48)*(-12)/(-10). Suppose i = 2*u - 5*u + 9, 2*u = 2*i + 6. Calculate the highest common factor of f and u.
3
Suppose -5*b = -21 + 6. Suppose 2*l = -b*l + 1430. Suppose -3*p = 24 - 102. What is the greatest common divisor of l and p?
26
Let j = -585 - -611. Let a be 5/10 + (-258)/(-4). What is the greatest common factor of a and j?
13
Suppose 2*b - b - 5*j = 75, -4*j + 108 = 2*b. What is the greatest common factor of b and 48?
12
Suppose -12*z + 9*z + l + 1939 = 0, -5*l + 3265 = 5*z. What is the greatest common factor of z and 144?
72
Let l be ((-12)/(-10))/((-2)/5). Let q = 9 + l. Let a be (-9)/6 + 75/q. Calculate the greatest common